75?
25
Suppose 4*j - 470 = -5*a, 2*j - 224 + 34 = 5*a. Suppose 3*n - 5*n + 88 = 0. What is the greatest common divisor of n and j?
22
Let v(i) = i**2 - 3*i - 9. Let u be v(5). Let p(f) = 14*f + 2. Let l be p(u). Calculate the highest common divisor of l and 176.
16
Suppose -2*r + 0*r - 10 = 0, -4*r = -2*s + 32. Let v = -792 + 858. What is the greatest common divisor of s and v?
6
Let k(u) = u**3 - 3*u**2 - 10*u - 10. Let d be k(6). Let h(y) = -y**2 + 2. Let i be h(-2). Let w = i + d. What is the highest common factor of w and 4?
4
Let x = 316 + -224. Let d = x + -20. Calculate the highest common divisor of 24 and d.
24
Let n(k) = k**3 - 3*k**2 - 10*k + 7. Let l be n(6). Suppose -19 = -2*u + w, 4*u + 10 = 6*u - 4*w. What is the highest common divisor of u and l?
11
Let h = 270 + -129. Suppose 3*t - h - 57 = 0. Suppose -v + 2*v + 2*l - 12 = 0, -5*v + 15 = -5*l. What is the highest common divisor of v and t?
6
Let a(b) = 2*b**2 - b**2 + 3 - b - 5 - b**3 + 2*b**2. Let j be a(2). Suppose 3*k - 8*k + 5 = j. Calculate the highest common divisor of 2 and k.
1
Let i(c) = 2 + c**3 - 8*c**2 - 4*c**2 - 2 + 11*c + 14. Let w be i(11). Suppose 26 = 5*a - w. What is the greatest common divisor of a and 88?
8
Suppose 4*j + a = -a - 6, 0 = -5*j + 5*a + 30. Let y be (-27)/(-15) - j/(-5). Suppose 0 = y*m + 3*m - 150. What is the highest common factor of m and 6?
6
Let v(c) = -94*c + 4. Let b be v(-1). Let f be 0*1/2 + 25. Suppose 4*j - 31 = f. What is the highest common divisor of b and j?
14
Suppose 184 = 4*q - 0. Let h = q - 32. Calculate the highest common factor of h and 7.
7
Let g = 83 + 19. Suppose 0*z - 4*n = -4*z + 120, -4*z = 2*n - g. Suppose 3*q = 3*h - z, q - 6 = -1. What is the greatest common factor of h and 28?
14
Let t = -22 - -31. Let p = -81 - -67. Let o be (-54)/4*p/21. Calculate the highest common divisor of t and o.
9
Let r = -93 + 64. Let u = r - -50. Calculate the highest common divisor of u and 14.
7
Let l(s) = s + 7. Let c(t) = -6*t + 3. Let f be c(2). Let n be l(f). Let h(r) = -22*r + 4. Let a be h(n). Calculate the highest common factor of 6 and a.
6
Let n be 4*(2 - 9/6). Let a be (7/n)/(6/12). Suppose z = a*z - 60. Calculate the highest common divisor of z and 15.
5
Let h(j) = j**2 + 10*j + 94. Let l be h(-27). Calculate the highest common factor of 79 and l.
79
Suppose 4 + 24 = 2*g. Suppose 2*o - 4*o - g = 0. Let x(w) = -w**2 - 12*w - 9. Let l be x(o). Calculate the highest common factor of 78 and l.
26
Let m be -1 + 2/3*15. Suppose 0 - m = -3*g. Let c be ((-12)/9)/((-12)/216). Calculate the greatest common divisor of g and c.
3
Let u = -10 + 13. Let f(l) = 4*l**2 + 38*l - 80. Let q be f(2). Calculate the highest common divisor of q and u.
3
Let u(a) = -a**3 + 5*a**2 - 3*a - 4. Let l be u(4). Suppose l = 2*g - 0*g - 10. Suppose -5*w = -g - 165. What is the highest common divisor of 85 and w?
17
Let v(y) = y**3 - 11*y**2 + 5*y + 12. Let f be v(9). Let l = f + 189. Suppose 2*q + l = 4*q. What is the highest common divisor of q and 14?
14
Let x = -55 - 12. Let n = x - -117. Let h be 50*-5*(-2)/25. Calculate the greatest common divisor of h and n.
10
Let q(f) = -f**3 - 3*f**2 + 11*f + 10. Let t be q(-5). What is the greatest common factor of t and 2?
1
Suppose -157*m + 360 = -139*m. Calculate the highest common divisor of m and 40.
20
Let a be ((-81)/(-4))/3*12. Suppose -3*x + 0 = -a. Calculate the highest common factor of 3 and x.
3
Suppose 22*b = 14*b + 40. Suppose -4*y + b*y = 5. What is the highest common factor of y and 40?
5
Let f(i) = 13*i. Let b(m) = 1 - 10*m + 22*m + 24*m - 10*m. Let h(q) = 6*b(q) - 13*f(q). Let z be h(-3). Calculate the greatest common factor of z and 18.
9
Let n = -599 + 1033. Calculate the greatest common factor of n and 21.
7
Let a = 95 + -47. Let t(z) = 2*z**2 - 4*z + 4. Let g be t(2). Suppose -v = g*v - 30. Calculate the greatest common divisor of v and a.
6
Let y(b) = 2*b**2 - 18*b - 9. Let l be y(13). Let i be (26 - 4)*(-6)/4. Let w = -14 - i. Calculate the greatest common divisor of l and w.
19
Let t = 43 + -31. Suppose 12 = 6*j - 0*j. Suppose 4 = -2*s, 0*s - j = p + 3*s. What is the highest common factor of t and p?
4
Let w = -23 - -10. Let k = w + 39. Let o = k - 11. Calculate the greatest common factor of o and 3.
3
Suppose -g + 4*g = 12, 3*v - 380 = -5*g. What is the greatest common factor of 88 and v?
8
Let c = 880 - 64. What is the greatest common divisor of 68 and c?
68
Suppose -6*x + x - 13 = -d, 0 = d - x - 5. Suppose 0 = -d*s + 4*s - 79. Suppose t = 2*k - s, 157 = 5*k - k - 3*t. What is the highest common divisor of 8 and k?
8
Let j(m) = -45*m + 183. Let i be j(4). What is the greatest common divisor of 126 and i?
3
Let z be (-3*1)/(10/(-110)). Let n = -26 + z. Suppose 0 = c - 2*s - 20, 4*s = -9 - n. Calculate the greatest common divisor of c and 12.
12
Suppose 1320 + 6072 = 32*g. What is the highest common factor of 21 and g?
21
Suppose -31*u + 123 = -683. Calculate the greatest common divisor of 442 and u.
26
Let b = -745 - -1033. What is the highest common divisor of b and 18?
18
Suppose 0 = -202*p + 172*p + 3960. Suppose 5*g - 63 = -5*j + 12, -2*j = -3*g + 30. What is the greatest common divisor of p and g?
12
Let j = -401 - -407. Calculate the greatest common factor of j and 14.
2
Suppose 3 = c - 9. Let h(g) = 4*g**2 + 10*g + 6. Let z be h(2). What is the greatest common factor of z and c?
6
Let t be (-4)/5*7*-5. Let h = 14 - t. Let n be ((-48)/14)/(h/147). What is the highest common divisor of n and 4?
4
Let r(d) = 7*d**2 - d. Let k be r(1). Suppose k*v - 2*v - 16 = 0. What is the highest common factor of 36 and v?
4
Let q = -16 - -18. Suppose 2*i - 56 = -2*j, 0 = -3*j - q*j. Calculate the highest common factor of 42 and i.
14
Let f(s) = s**3 - 6*s**2 - 11*s - 16. Suppose g = 4*l - l + 14, -4*l = -5*g + 48. Let y be f(g). What is the highest common factor of y and 168?
24
Let l = 62 - 50. Suppose 0*m - 50 = -m - 4*d, 4*d - 140 = -4*m. What is the greatest common divisor of l and m?
6
Let a be (12/5)/((-294)/(-19600)). What is the highest common factor of 5 and a?
5
Suppose -w - 343 = -8*w. Let x = w + -13. Calculate the highest common divisor of 36 and x.
36
Let j = 91 + -28. Suppose 6*r - 105 - j = 0. What is the highest common divisor of r and 28?
28
Suppose 2*k + 0*k = 6, 0 = -m + 3*k - 19. Let n be 364/35 + 4/m. Suppose 3*g = 9, 5*g = -0*j - 3*j + 195. What is the highest common factor of n and j?
10
Let u be (2 + -8)*(-49)/(-2). Let f(j) = -15*j**2 + j + 17. Let v be f(4). Let n = u - v. Calculate the highest common factor of 8 and n.
8
Let o be ((-26)/(-78))/((-1)/(-24)). Let x(u) = -u**3 - 3*u**2 + 7*u + 1. Let t be x(-6). Let a = t + -35. Calculate the highest common factor of o and a.
8
Suppose 189 + 77 = 14*s. Let n(j) = j**3 + 3*j**2 + 2*j. Let r be n(-2). Suppose r = -3*u - 0*u + 114. Calculate the greatest common divisor of u and s.
19
Suppose 0 = -5*i + 2*l + 131, 0 = 7*l - 8*l - 3. Suppose 0 = -5*y + 4*y. Suppose -2*x + 15 - 5 = y. Calculate the greatest common factor of x and i.
5
Let k(g) = 42*g**3 - 2 - 3*g + 4 + 3*g**2 - 2. Let h be k(2). What is the highest common factor of 38 and h?
38
Suppose 5*l - 164 = -69. Let r = l + -10. What is the greatest common factor of 6 and r?
3
Suppose -v - 2*r + 216 = 0, -232 = -v - r - 20. Let z = 348 + -335. What is the greatest common divisor of v and z?
13
Let m = 302 - 222. Calculate the greatest common divisor of m and 128.
16
Let a(j) = -5*j + 38. Let d be a(7). Let w be 10*(-10)/(-4)*d. Calculate the highest common divisor of 50 and w.
25
Let x = -11 + 39. What is the highest common factor of 266 and x?
14
Suppose 3*b - 712 = -4*g, 956 = 4*b - 6*g + 8*g. Calculate the greatest common divisor of b and 192.
48
Let g = -1386 + 1390. What is the highest common divisor of 8 and g?
4
Suppose 23*w - 524 = 3961. What is the greatest common divisor of 52 and w?
13
Let w be (-4 - -1) + 8 + -8. Let b be ((-2)/w)/((-8)/(-108)). What is the greatest common divisor of 18 and b?
9
Suppose 2*u - 14 = -5*s, -4*s = -5*u - 2*s + 6. Suppose 8*b = -88 - 8. Let v be ((-1)/u)/1*b. What is the greatest common divisor of v and 42?
6
Let j = -52 + 252. What is the highest common factor of 80 and j?
40
Let z(k) = k**2 - 6*k - 17. Let r be z(13). Let w